) = 40*w + 236. Give p(-3).
116
Let s(k) = -98*k**2 + 10197*k - 516. Determine s(104).
4
Let b(u) = 492*u + 11810. Give b(-24).
2
Let g(f) = f**3 - 16*f**2 - 7*f - 21. Give g(17).
149
Let c(g) = 15*g + 112. Calculate c(5).
187
Let a(j) = 15*j**2 + 1366*j + 114. Determine a(-91).
23
Let v(q) = -4*q**2 - 116*q - 791. Calculate v(-11).
1
Let o(u) = -5*u**3 - 5*u**2 + 73*u - 16. Calculate o(5).
-401
Let i(r) = -91*r + 12549. Determine i(138).
-9
Let i(w) = 2*w**3 + 4*w**2 - 7*w - 35. What is i(-6)?
-281
Let c(a) = 39*a - 18. Give c(2).
60
Let v(a) = a**2 - 25*a - 962. Determine v(48).
142
Let d(p) = -p**2 - 14*p + 22. Determine d(-16).
-10
Let o(f) = -75*f + 132. What is o(2)?
-18
Let j(v) = -55*v + 1116. Determine j(20).
16
Let k(l) = 31*l - 799. What is k(26)?
7
Let o(t) = 30*t + 169. Determine o(-4).
49
Let w(g) = -2*g**3 - 19*g**2 - 58*g - 270. Give w(-8).
2
Let t(r) = -44*r - 35. What is t(3)?
-167
Let p(v) = 130*v + 3623. Give p(-28).
-17
Let g(v) = 26*v - 536. Give g(17).
-94
Let r(d) = d**3 - 29*d**2 + 21*d + 226. Calculate r(28).
30
Let h(u) = -u**2 + 51*u - 624. What is h(30)?
6
Let u(q) = -q**3 + 9*q**2 - 6*q - 80. Give u(5).
-10
Let m(a) = a**3 - a**2 + 2*a + 24. What is m(-3)?
-18
Let m(a) = -a**3 - 14*a**2 - 23*a + 16. Determine m(-2).
14
Let a(f) = 100*f - 114. What is a(5)?
386
Let n(t) = -540*t + 109077. Give n(202).
-3
Let x(o) = -11*o**2 + 67*o + 285. Determine x(9).
-3
Let c(t) = 35*t + 33. Determine c(-5).
-142
Let m(p) = -8*p + 309. What is m(34)?
37
Let f(w) = 10*w + 138. Calculate f(-9).
48
Let r(h) = 2*h**2 - 10*h + 81. Calculate r(7).
109
Let x(n) = -2*n**3 + 39*n**2 + 110*n - 40. Determine x(22).
-40
Let r(a) = 6*a**2 - 42*a + 67. Calculate r(3).
-5
Let o(z) = z**2 + 55*z - 31. What is o(-56)?
25
Let i(m) = -1586*m - 11104. Give i(-7).
-2
Let s(f) = -2*f**3 - 50*f**2 - 29*f - 708. What is s(-25)?
17
Let c(y) = 161*y - 1444. Give c(9).
5
Let l(u) = -3*u**2 - 261*u + 293. What is l(-88)?
29
Let l(f) = 2*f**3 - 14*f**2 - 117*f + 37. What is l(-5)?
22
Let j(m) = -12*m**2 + 71*m + 3. Calculate j(6).
-3
Let f(u) = u**3 + 74*u**2 - 1225*u + 619. Calculate f(-88).
3
Let p(i) = -i**3 + 4*i**2 - 1556*i + 3109. Calculate p(2).
5
Let w(k) = k**3 + 9*k**2 + 11*k + 11. Determine w(-9).
-88
Let z(j) = j**2 - 990. What is z(34)?
166
Let g(x) = -x**3 + 14*x**2 + 31*x + 1. What is g(16)?
-15
Let d(c) = -c**3 + 60*c**2 + 63*c - 133. Calculate d(61).
-11
Let g(d) = d**3 - 7*d**2 + 9*d + 2. Give g(3).
-7
Let o(u) = -88*u - 478. Determine o(-6).
50
Let p(r) = -2*r**3 + 6*r**2 - 2*r + 5. Determine p(2).
9
Let b(a) = -11*a**2 + 379*a + 1029. Give b(37).
-7
Let x(f) = 115*f + 64. What is x(-5)?
-511
Let x(w) = w**2 - 36*w - 235. What is x(42)?
17
Let u(b) = -b**3 - 32*b**2 - 23*b - 10. Determine u(-31).
-258
Let i(w) = 31*w - 183. Determine i(6).
3
Let l(j) = 10*j**3 - 113*j**2 - 378*j + 29. Give l(14).
29
Let r(b) = 2446*b - 14685. Calculate r(6).
-9
Let g(s) = -2*s**2 - 18*s + 3. Determine g(-11).
-41
Let d(c) = -27*c + 484. Calculate d(16).
52
Let a(d) = -d**3 - 51*d**2 - 3*d - 250. Calculate a(-51).
-97
Let m(k) = -5*k**3 + 3*k**2 - 9*k + 30. Give m(3).
-105
Let f(m) = -190*m + 1484. Calculate f(7).
154
Let n(a) = 33*a - 231. Give n(7).
0
Let o(p) = 5419*p - 48759. Determine o(9).
12
Let b(j) = 199*j**2 + 9*j - 13. Calculate b(1).
195
Let r(g) = 22*g + 508. Calculate r(-24).
-20
Let o(i) = i**2 - 1013*i - 42133. Give o(-40).
-13
Let x(m) = -509*m + 9177. Determine x(18).
15
Let i(x) = 3*x**3 + x**2 + 75*x + 153. Determine i(-2).
-17
Let g(f) = -4*f**2 - 71*f + 182. Calculate g(-20).
2
Let d(s) = 4*s**3 + 710*s**2 + 356*s + 396. Determine d(-177).
42
Let d(a) = -12*a**2 + 91*a - 737. What is d(9)?
-890
Let s(n) = 4*n**2 - 62*n - 426. What is s(-7)?
204
Let f(u) = -7*u**3 + 2*u**2 - 32*u - 33. Determine f(-1).
8
Let v(n) = -20277*n + 101388. Calculate v(5).
3
Let y(l) = -95*l - 10540. Give y(-111).
5
Let f(o) = 309*o - 17221. Determine f(56).
83
Let f(a) = -a**2 - 127*a - 4333. What is f(-60)?
-313
Let j(v) = 231*v - 230. Calculate j(1).
1
Let x(p) = -7*p + 150. Determine x(18).
24
Let j(r) = r**3 + 14*r**2 - 88*r - 419. Give j(-4).
93
Let b(p) = -p**3 + 170*p**2 + 350*p - 1039. What is b(172)?
-7
Let k(h) = -4*h - 108. Calculate k(19).
-184
Let t(d) = -2*d**3 - 197*d**2 + 1363*d - 134. Give t(-105).
76
Let l(p) = -2*p**3 - 76*p**2 - 275*p - 60. Calculate l(-34).
42
Let r(j) = 325*j - 3904. Give r(12).
-4
Let v(j) = 136*j + 7990. Calculate v(-59).
-34
Let k(m) = -2*m**3 + 86*m**2 - 10*m + 423. What is k(43)?
-7
Let m(u) = 14*u**2 + 512*u + 819. Give m(-35).
49
Let z(u) = 98*u - 2184. Give z(22).
-28
Let j(f) = 4*f**3 - 55*f**2 + 75*f - 2. What is j(12)?
-110
Let m(u) = 2569*u + 15391. Give m(-6).
-23
Let x(c) = c**3 + 2*c**2 + 6700*c + 13407. Calculate x(-2).
7
Let m(p) = p**3 - 14*p**2 + 35*p - 406. Give m(14).
84
Let l(i) = 326*i - 27695. Give l(85).
15
Let t(a) = a**3 + 49*a**2 + 92*a - 61. Give t(-47).
33
Let q(m) = -m**3 + 2*m**2 - 32*m - 114. Determine q(-6).
366
Let z(i) = i**2 + 20*i - 15. What is z(-16)?
-79
Let n(y) = 18*y - 114. Give n(10).
66
Let x(d) = d**2 - 29*d + 19. What is x(16)?
-189
Let u(v) = -25*v - 178. Give u(-9).
47
Let h(d) = 59*d + 2008. Determine h(-34).
2
Let r(y) = 7*y**3 - y**2 - 18*y + 18. Calculate r(1).
6
Let u(j) = j**3 - 73*j**2 + 624*j + 364. Give u(63).
-14
Let g(u) = -9*u**2 + 474*u - 4016. Determine g(42).
16
Let g(s) = -s**3 - 33*s**2 - 5*s - 127. Determine g(-33).
38
Let w(v) = 4*v**2 + 55*v + 141. Give w(-10).
-9
Let z(c) = -c**2 - 114*c + 3827. Calculate z(27).
20
Let f(i) = -23116*i + 46239. Calculate f(2).
7
Let t(q) = -417*q + 4630. Give t(11).
43
Let u(c) = -c**2 + 6*c + 40. What is u(8)?
24
Let g(a) = -47*a + 1339. Calculate g(30).
-71
Let c(z) = -z**3 - 15*z**2 - 7*z - 398. Determine c(-16).
-30
Let u(p) = 104*p**2 - 22*p + 21. Determine u(1).
103
Let y(n) = -n**3 - 221*n**2 + 882*n + 40. Determine y(4).
-32
Let n(l) = -118*l + 70. What is n(4)?
-402
Let j(o) = 23*o**3 - 9*o**2 + 9*o + 1. Determine j(1).
24
Let l(z) = -2*z**2 - 50*z + 71. Give l(-26).
19
Let a(u) = -2*u**3 + 24*u**2 + 339*u - 4068. What is a(12)?
0
Let a(l) = -23*l - 28. Give a(-10).
202
Let h(i) = -i**2 + 24*i - 355. Give h(18).
-247
Let h(t) = 562*t - 16252. What is h(29)?
46
Let p(o) = -194*o**2 - 15907*o + 88. What is p(-82)?
6
Let d(h) = -h**3 - 44*h**2 - 121*h + 54. What is d(-41)?
-28
Let c(w) = 10*w**2 + 544*w + 8. Determine c(-54).
-208
Let s(b) = -295*b + 1479. Give s(5).
4
Let j(v) = -17*v**2 + 34*v - 18. Give j(1).
-1
Let w(m) = -268*m + 1211. Determine w(4).
139
Let n(q) = 9*q**3 + 10*q**2 - 37*q + 28. What is n(3)?
250
Let q(c) = 2*c**3 + 2*c**2 + 2*c + 4. Determine q(-3).
-38
Let b(j) = -2*j**2 - 74*j - 300. Give b(-4).
-36
Let l(v) = -v**2 - 7*v + 272. Calculate l(-22).
-58
Let c(r) = 2*r**2 + 37*r + 132. Give c(-9).
-39
Let w(h) = h**3 + 24*h**2 + 45*h + 20. Determine w(-22).
-2
Let o(z) = 36*z + 21. Determine o(3).
129
Let g(d) = 209*d + 6266. What is g(-30)?
-4
Let l(h) = -h**2 + 591*h + 5401. What is l(-9)?
1
Let c(x) = -6*x**2 - 72*x - 113. Calculate c(-10).
7
Let i(h) = 75*h + 642. Give i(-9).
-33
Let x(j) = 25*j + 702. Calculate x(-10).
452
Let p(z) = 2*z**3 - 60*z**2 + 45*z + 250. Calculate p(29).
-127
Let u(x) = 8*x**3 + 6*x**2 - 17*x + 15. Determine u(2).
69
Let w(y) = y**2 - 19*y + 51. Determine w(4).
-9
Let v(h) = h**2 + 300*h - 2461. Calculate v(8).
3
Let l(h) = -2*h**2 - 19*h - 20. What is l(-1)?
-3
Let n(x) = x**3 + 6*x**2 - 10*x - 1. Calculate n(-7).
20
Let r(l) = -l**3 + 71*l**2 + 160*l - 6342. What is r(72)?
-6
Let c(v) = -13*v**2 - 44*v - 133. Determine c(-4).
-165
Let o(m) = -100*m + 1188. Determine o(12).
-12
Let b(g) = -86*g**3 + 2*g**2 + 5*g + 2. What is b(-1)?
85
Let p(x) = -1282*x + 11543. What is p(9)?
5
Let j(x) = -863*x - 13823. Give j(-16).
-15
Let x(p) = 15*p**2 + 124*p + 234. Give x(-2).
46
Let t(k) = 1173*k - 18760. What is t(16)?
8
Let y(o) = 2*o**2 - 4*o - 2434. What is y(-34)?
14
Let w(j) = 45*j - 459. Determine w(26).
711
Let m(i) = -27*i**2 - 2*i + 6. Calculate m(1).
-23
Let v(s) = s**3 - 12*s**2 - 7*s - 20. What is v(11)?
-218
Let f(i) = -i**2 + 84*i + 33. What is f(0)?
33
Let r(a) = 3201*a - 25620. Calculate r(8).
-12
Let b(y) = -4*y**2 - 63*y - 63. Determine b(-14).
3